4?
2, 3, 23, 73
What are the prime factors of 1009?
1009
What are the prime factors of 5402?
2, 37, 73
What are the prime factors of 496?
2, 31
What are the prime factors of 5728?
2, 179
What are the prime factors of 17600?
2, 5, 11
What are the prime factors of 956?
2, 239
List the prime factors of 711.
3, 79
What are the prime factors of 1228?
2, 307
What are the prime factors of 4754?
2, 2377
List the prime factors of 2941.
17, 173
What are the prime factors of 651?
3, 7, 31
What are the prime factors of 36877?
36877
What are the prime factors of 4038?
2, 3, 673
List the prime factors of 827.
827
List the prime factors of 7217.
7, 1031
What are the prime factors of 350?
2, 5, 7
What are the prime factors of 69343?
17, 4079
What are the prime factors of 1070?
2, 5, 107
What are the prime factors of 822?
2, 3, 137
List the prime factors of 1844.
2, 461
What are the prime factors of 130724?
2, 11, 2971
What are the prime factors of 10406?
2, 11, 43
List the prime factors of 26873.
7, 11, 349
List the prime factors of 1628.
2, 11, 37
What are the prime factors of 2162?
2, 23, 47
List the prime factors of 6146.
2, 7, 439
What are the prime factors of 8?
2
What are the prime factors of 982?
2, 491
What are the prime factors of 533?
13, 41
List the prime factors of 87335.
5, 17467
List the prime factors of 12530.
2, 5, 7, 179
List the prime factors of 16162.
2, 8081
What are the prime factors of 8540?
2, 5, 7, 61
List the prime factors of 1748.
2, 19, 23
What are the prime factors of 2386?
2, 1193
List the prime factors of 12049.
12049
List the prime factors of 85950.
2, 3, 5, 191
List the prime factors of 145707.
3, 17, 2857
What are the prime factors of 82913?
82913
What are the prime factors of 166037?
23, 7219
List the prime factors of 141110.
2, 5, 103, 137
List the prime factors of 25419.
3, 37, 229
List the prime factors of 78062.
2, 23, 1697
What are the prime factors of 36704?
2, 31, 37
List the prime factors of 19145.
5, 7, 547
List the prime factors of 1967.
7, 281
List the prime factors of 96106.
2, 29, 1657
List the prime factors of 1603.
7, 229
List the prime factors of 86535.
3, 5, 641
What are the prime factors of 6784?
2, 53
List the prime factors of 5384.
2, 673
What are the prime factors of 4506?
2, 3, 751
List the prime factors of 982.
2, 491
List the prime factors of 16012.
2, 4003
List the prime factors of 4633.
41, 113
List the prime factors of 164.
2, 41
List the prime factors of 82141.
82141
List the prime factors of 2256.
2, 3, 47
What are the prime factors of 8096?
2, 11, 23
List the prime factors of 629.
17, 37
List the prime factors of 2284.
2, 571
List the prime factors of 1024.
2
What are the prime factors of 41837?
17, 23, 107
What are the prime factors of 2626?
2, 13, 101
What are the prime factors of 23030?
2, 5, 7, 47
What are the prime factors of 1848?
2, 3, 7, 11
List the prime factors of 6530.
2, 5, 653
List the prime factors of 1778.
2, 7, 127
List the prime factors of 14974.
2, 7487
List the prime factors of 75656.
2, 7, 193
What are the prime factors of 380?
2, 5, 19
What are the prime factors of 3565?
5, 23, 31
List the prime factors of 1596.
2, 3, 7, 19
List the prime factors of 33732.
2, 3, 937
List the prime factors of 178025.
5, 7121
What are the prime factors of 259?
7, 37
What are the prime factors of 3312?
2, 3, 23
List the prime factors of 13694.
2, 41, 167
What are the prime factors of 77718?
2, 3, 12953
What are the prime factors of 47801?
13, 3677
List the prime factors of 57697.
57697
What are the prime factors of 9812?
2, 11, 223
List the prime factors of 3365.
5, 673
What are the prime factors of 1888?
2, 59
List the prime factors of 5331.
3, 1777
What are the prime factors of 1294?
2, 647
What are the prime factors of 43288?
2, 7, 773
What are the prime factors of 1805?
5, 19
What are the prime factors of 1174?
2, 587
List the prime factors of 90474.
2, 3, 17, 887
What are the prime factors of 2614?
2, 1307
What are the prime factors of 61?
61
List the prime factors of 50870.
2, 5, 5087
List the prime factors of 165.
3, 5, 11
What are the prime factors of 3218?
2, 1609
What are the prime factors of 28507?
29, 983
What are the prime factors of 13580?
2, 5, 7, 97
List the prime factors of 1055.
5, 211
List the prime factors of 99.
3, 11
List the prime factors of 20160.
2, 3, 5, 7
What are the prime factors of 9949?
9949
What are the prime factors of 33130?
2, 5, 3313
List the prime factors of 297.
3, 11
What are the prime factors of 194106?
2, 3, 11, 17, 173
List the prime factors of 10675.
5, 7, 61
List the prime factors of 385.
5, 7, 11
List the prime factors of 3137.
3137
What are the prime factors of 162?
2, 3
What are the prime factors of 228?
2, 3, 19
List the prime factors of 2201.
31, 71
What are the prime factors of 2832?
2, 3, 59
What are the prime factors of 16556?
2, 4139
List the prime factors of 30915.
3, 5, 229
List the prime factors of 5031.
3, 13, 43
What are the prime factors of 6738?
2, 3, 1123
What are the prime factors of 942?
2, 3, 157
What are the prime factors of 26656?
2, 7, 17
What are the prime factors of 4921?
7, 19, 37
List the prime factors of 1226.
2, 613
List the prime factors of 198872.
2, 24859
List the prime factors of 1674.
2, 3, 31
List the prime factors of 2914.
2, 31, 47
What are the prime factors of 9247?
7, 1321
What are the prime factors of 64396?
2, 17, 947
What are the prime factors of 4991?
7, 23, 31
List the prime factors of 622.
2, 311
List the prime factors of 154.
2, 7, 11
What are the prime factors of 12727?
11, 13, 89
List the prime factors of 1345.
5, 269
List the prime factors of 7222.
2, 23, 157
What are the prime factors of 3483?
3, 43
What are the prime factors of 26796?
2, 3, 7, 11, 29
What are the prime factors of 15656?
2, 19, 103
List the prime factors of 2180.
2, 5, 109
What are the prime factors of 28774?
2, 14387
What are the prime factors of 9700?
2, 5, 97
What are the prime factors of 6527?
61, 107
List the prime factors of 1999.
1999
What are the prime factors of 56466?
2, 3, 3137
What are the prime factors of 2372?
2, 593
List the prime factors of 142.
2, 71
List the prime factors of 11718.
2, 3, 7, 31
List the prime factors of 639.
3, 71
List the prime factors of 1869.
3, 7, 89
What are the prime factors of 64794?
2, 3, 10799
List the prime factors of 10800.
2, 3, 5
List the prime factors of 2441.
2441
List the prime factors of 16586.
2, 8293
What are the prime factors of 8412?
2, 3, 701
List the prime factors of 653.
653
What are the prime factors of 177126?
2, 3, 53, 557
What are the prime factors of 11046?
2, 3, 7, 263
List the prime factors of 29013.
3, 19, 509
List the prime factors of 45132.
2, 3, 3761
What are the prime factors of 42974?
2, 21487
What are the prime factors of 2458?
2, 1229
What are the prime factors of 1455?
3, 5, 97
List the prime factors of 356.
2, 89
List the prime factors of 61354.
2, 30677
What are the prime factors of 766?
2, 383
List the prime factors of 4158.
2, 3, 7, 11
What are the prime factors of 609?
3, 7, 29
List the prime factors of 72495.
3, 5, 179
What are the prime factors of 939?
3, 313
What are the prime factors of 646?
2, 17, 19
List the prime factors of 62778.
2, 3, 10463
What are the prime factors of 4385?
5, 877
List the prime factors of 952.
2, 7, 17
What are the prime factors of 72?
2, 3
List the prime factors of 61715.
5, 12343
What are the prime factors of 2816?
2, 11
What are the prime factors of 38455?
5, 7691
What are the prime factors of 1826?
2, 11, 83
What are the prime factors of 2850?
2, 3, 5, 19
List the prime factors of 1403.
23, 61
What are the prime factors of 35749?
7, 5107
List the prime factors of 7215.
3, 5, 13, 37
List the prime factors of 8658.
2, 3, 13, 37
What are the prime factors of 21116?
2, 5279
List the prime factors of 56634.
2, 3, 9439
List the prime factors of 6245.
5, 1249
List the prime factors of 22524.
2, 3, 1877
List the prime factors of 11302.
2, 5651
What are the prime factors of 3253?
3253
List the prime factors of 365.
5, 73
List the prime factors of 8537.
8537
List the prime factors of 70354.
2, 29, 1213
What are the prime factors of 3384?
2, 3, 47
What are the prime factors of 3848?
2, 13, 37
What are the prime factors of 16173?
3, 